 the units digit of 5088474058?
8
What is the units digit of 38552514?
4
What is the units digit of 484303182?
2
What is the units digit of 1600366120?
0
What is the hundreds digit of 1978656673?
6
What is the hundred millions digit of 1105286118?
1
What is the ten thousands digit of 1057109546?
0
What is the tens digit of 1916218029?
2
What is the units digit of 1632579671?
1
What is the hundred thousands digit of 1506145815?
1
What is the hundred millions digit of 463032192?
4
What is the millions digit of 38949109?
8
What is the thousands digit of 202742937?
2
What is the thousands digit of 184825566?
5
What is the tens digit of 661939654?
5
What is the hundred millions digit of 789024288?
7
What is the ten thousands digit of 3319043283?
4
What is the thousands digit of 1115782476?
2
What is the tens digit of 3071852602?
0
What is the hundreds digit of 1067135909?
9
What is the hundreds digit of 1097851?
8
What is the ten thousands digit of 19642563?
4
What is the ten thousands digit of 107248213?
4
What is the hundreds digit of 120127816?
8
What is the millions digit of 5030654778?
0
What is the tens digit of 87776380?
8
What is the ten thousands digit of 217326907?
2
What is the ten thousands digit of 310915170?
1
What is the hundred millions digit of 2893480866?
8
What is the tens digit of 30466025?
2
What is the thousands digit of 27444185?
4
What is the hundred thousands digit of 2104023892?
0
What is the units digit of 22146184?
4
What is the hundred thousands digit of 474729876?
7
What is the hundred millions digit of 371547893?
3
What is the hundred millions digit of 155661137?
1
What is the hundreds digit of 61121772?
7
What is the thousands digit of 82661966?
1
What is the billions digit of 2081128992?
2
What is the hundreds digit of 4358486118?
1
What is the hundreds digit of 268296582?
5
What is the hundreds digit of 638113003?
0
What is the ten thousands digit of 110833322?
3
What is the units digit of 1228489608?
8
What is the units digit of 50358780?
0
What is the hundreds digit of 3412056517?
5
What is the hundred thousands digit of 13394827?
3
What is the units digit of 23197389?
9
What is the millions digit of 6095068?
6
What is the thousands digit of 183323824?
3
What is the ten millions digit of 209645558?
0
What is the hundreds digit of 107211059?
0
What is the hundred millions digit of 104962038?
1
What is the tens digit of 36649911?
1
What is the units digit of 78358510?
0
What is the ten millions digit of 2696122775?
9
What is the units digit of 245619444?
4
What is the ten thousands digit of 623790272?
9
What is the billions digit of 1428164597?
1
What is the hundreds digit of 1641524335?
3
What is the millions digit of 100153741?
0
What is the tens digit of 255342136?
3
What is the ten millions digit of 2364611628?
6
What is the units digit of 8149088883?
3
What is the hundred millions digit of 1704927679?
7
What is the ten millions digit of 61638924?
6
What is the millions digit of 42121141?
2
What is the ten millions digit of 1202802462?
0
What is the tens digit of 641189469?
6
What is the hundred thousands digit of 1300984702?
9
What is the ten thousands digit of 2285616636?
1
What is the units digit of 227506611?
1
What is the hundred thousands digit of 451875426?
8
What is the ten millions digit of 1833769210?
3
What is the millions digit of 10920929?
0
What is the hundred millions digit of 362603000?
3
What is the hundred millions digit of 4058774212?
0
What is the hundreds digit of 125959015?
0
What is the millions digit of 51180278?
1
What is the ten thousands digit of 71886?
7
What is the billions digit of 9241763247?
9
What is the hundred thousands digit of 39810483?
8
What is the hundred millions digit of 1483221651?
4
What is the hundreds digit of 308740?
7
What is the thousands digit of 65340089?
0
What is the units digit of 303463845?
5
What is the hundred millions digit of 1098140125?
0
What is the tens digit of 546620208?
0
What is the hundred millions digit of 6281968212?
2
What is the millions digit of 278824031?
8
What is the tens digit of 167104398?
9
What is the hundreds digit of 84859924?
9
What is the ten thousands digit of 1012576278?
7
What is the hundreds digit of 49256948?
9
What is the hundred millions digit of 193115494?
1
What is the thousands digit of 57905559?
5
What is the hundred millions digit of 248691209?
2
What is the thousands digit of 185991969?
1
What is the tens digit of 32780233?
3
What is the millions digit of 166570996?
6
What is the hundred thousands digit of 2116232588?
2
What is the tens digit of 31964037?
3
What is the millions digit of 880312068?
0
What is the ten thousands digit of 1975002250?
0
What is the tens digit of 1457165207?
0
What is the hundreds digit of 523644900?
9
What is the ten millions digit of 13634452?
1
What is the hundred thousands digit of 587867202?
8
What is the hundred millions digit of 622436490?
6
What is the tens digit of 2089419130?
3
What is the units digit of 148473149?
9
What is the ten thousands digit of 7520616251?
1
What is the hundred millions digit of 1436705441?
4
What is the hundred millions digit of 1824537357?
8
What is the thousands digit of 316141857?
1
What is the hundred thousands digit of 123179871?
1
What is the ten thousands digit of 2699900?
9
What is the ten thousands digit of 1552453?
5
What is the hundreds digit of 6061281592?
5
What is the hundred millions digit of 119420785?
1
What is the hundred thousands digit of 27752383?
7
What is the units digit of 1093698622?
2
What is the hundreds digit of 223806078?
0
What is the hundred thousands digit of 125673207?
6
What is the hundreds digit of 445428491?
4
What is the hundreds digit of 715330851?
8
What is the ten millions digit of 487293415?
8
What is the billions digit of 1780326640?
1
What is the millions digit of 36206299?
6
What is the tens digit of 642369135?
3
What is the tens digit of 202597948?
4
What is the hundreds digit of 30953524?
5
What is the hundreds digit of 28160882?
8
What is the hundred thousands digit of 1093533540?
5
What is the millions digit of 57097182?
7
What is the ten millions digit of 81579186?
8
What is the ten millions digit of 715661480?
1
What is the hundreds digit of 549473551?
5
What is the units digit of 443935306?
6
What is the millions digit of 29939868?
9
What is the ten millions digit of 36457979?
3
What is the thousands digit of 2325128995?
8
What is the ten millions digit of 880782913?
8
What is the tens digit of 93939848?
4
What is the ten thousands digit of 362373660?
7
What is the units digit of 46506720?
0
What is the ten millions digit of 3718799889?
1
What is the hundreds digit of 2930074025?
0
What is the hundreds digit of 31589675?
6
What is the tens digit of 9810641?
4
What is the ten millions digit of 5247058089?
4
What is the tens digit of 250786041?
4
What is the ten thousands digit of 1317298397?
9
What is the millions digit of 311563314?
1
What is the hundred thousands digit of 72590714?
5
What is the hundreds digit of 61092415?
4
What is the ten thousands digit of 21791656?
9
What is the ten millions digit of 568734095?
6
What is the tens digit of 103837875?
7
What is the hundred thousands digit of 19201384?
2
What is the tens digit of 861383611?
1
What is the thousands digit of 1469853494?
3
What is the billions digit of 5747011645?
5
What is the ten thousands digit of 2780863959?
6
What is the hundred thousands digit of 179864736?
8
What is the billions digit of 1265273193?
1
What is the units digit of 63861490?
0
What is the billions digit of 3864237822?
3
What is the ten millions digit of 7277160857?
7
What is the thousands digit of 113048991?
8
What is the hundreds digit of 24955972?
9
What is the ten thousands digit of 1258595897?
9
What is the hundreds digit of 217151806?
8
What is the ten thousands digit of 20644054?
4
What is the units digit of 676483528?
8
What is the thousands digit of 456313760?
3
What is the units digit of 289708222?
2
What is the hundred thousands digit of 62412906?
4
What is the millions digit of 183903158?
3
What is the millions digit of 39951820?
9
What is the ten millions digit of 24661964?
2
What is the hundred thousands digit of 2174586001?
5
What is the hundred thousa